 is divided by 4.
3
Let j be (-7 - -3)/(6/54). Let b = j - -49. What is the remainder when 50 is divided by b?
11
Let o(k) = k**2 - 20*k + 24. Let n be o(19). Suppose 0 = -2*c - 2*a + 12, -5*a - 6 = -n*c - 16. Calculate the remainder when 2 is divided by c.
0
Suppose 2*m - 7 + 3 = 0. Suppose -m*u + 3 = -u. Suppose -u*c = -5*c + 8. Calculate the remainder when 7 is divided by c.
3
Suppose 5*m + 4*h = 168, -2*m + 5*h = 4 - 91. Suppose 0 = -3*r + 6*r - m. Let n(j) = -24*j - 2. Calculate the remainder when n(-2) is divided by r.
10
Let n = 24 + -9. Let x = n + 35. What is the remainder when x is divided by 17?
16
What is the remainder when 2 - -276 - (-5 + -4) is divided by 37?
28
Let u = 30 + -4. Let s(v) be the first derivative of v**4/4 + 2*v**3 - v**2 + 2*v + 18. What is the remainder when u is divided by s(-6)?
12
Suppose r + 2*c = 4, -4*r + 133 - 65 = -5*c. Suppose 68 = 5*q - 227. What is the remainder when q is divided by r?
11
Suppose 2*s - 53 = -s - 2*o, 0 = 3*o + 6. Calculate the remainder when 26 is divided by s.
7
Suppose 3*q + 4*v = 18, v - 2*v + 7 = 2*q. Let h = 0 + 0. Suppose h = -q*m + 69 - 21. Calculate the remainder when 93 is divided by m.
21
What is the remainder when (1*(-2)/(-8))/((-132)/(-19536)) is divided by 9?
1
What is the remainder when (-9)/3 - (1 + -26) is divided by (-4)/(-14) - 240/(-42)?
4
Suppose -7*p + p + 36 = 0. Suppose m - p = -m. Suppose -5*n = h - 137, -100 = -4*n + 7*h - m*h. What is the remainder when n is divided by 15?
12
Suppose -3*o - 69 = -3*n + o, 3*n - 48 = -3*o. Suppose -n = -m + 18. Let h(b) = -b**3 - 3*b**2 + 8*b + 10. Calculate the remainder when m is divided by h(-5).
17
Calculate the remainder when 167 is divided by 4536/(-315)*(-15)/4.
5
Let f(g) = -g**3 - 8*g**2 + 8*g - 25. Let d be f(-9). Let k = -12 - d. What is the remainder when 5 is divided by k?
1
Let n(a) = -69*a**3 - 6*a**2 - 5*a. Let p be n(-1). Suppose p = -3*s + 167. What is the remainder when 62 is divided by s?
29
Let x = -93 + 95. Suppose 23 = -x*s + 87. Calculate the remainder when 125 is divided by s.
29
Suppose 13*z - 18*z + 370 = 0. Calculate the remainder when 214 is divided by z.
66
Let r = 21 - 17. Suppose -53 = -3*k - 2*s, 4*s - 69 = -4*k + 3*s. Calculate the remainder when k is divided by r.
1
Let v(l) = 91*l**2 + 3*l. What is the remainder when v(1) is divided by 25?
19
Suppose 47 = 5*r - 223. Calculate the remainder when 267 is divided by r.
51
Suppose -2*t + 221 = 3*x, 169 = 2*x - 14*t + 11*t. What is the remainder when x is divided by 14?
7
Let o(j) = -j**3 + 11*j**2 - 14*j - 14. Calculate the remainder when 63 is divided by o(9).
19
Let p(w) = 9*w + 18. Calculate the remainder when p(3) is divided by 27.
18
Let b = -3039 - -3116. Suppose 4*y - 5 = -i + 39, 22 = y + 3*i. What is the remainder when b is divided by y?
7
Let d(n) = -n**3 - 22*n**2 - 60*n - 4. Calculate the remainder when 364 is divided by d(-19).
46
Let t = -86 - -61. Let m = t - -158. Calculate the remainder when m is divided by 34.
31
Let d(t) = -t**3 - 4*t**2 + 10*t + 9. Let a(u) = -u - 11. Let r be a(-5). Calculate the remainder when d(r) is divided by 13.
8
Calculate the remainder when 2757/21 + 2 - (-12)/(-42) is divided by 17.
14
Let u be ((-20)/35)/((-6)/21). Calculate the remainder when ((-2)/2)/((-3)/153) + u is divided by 28.
25
Let i(a) = -4*a + 1. Let u be i(-1). Let m(o) = 2*o - 6. Let p be m(u). Calculate the remainder when 229/p - (-5)/(-20) is divided by 15.
12
What is the remainder when ((-36)/60)/(4 + 5684/(-1420)) is divided by 110?
103
Suppose -203 = -5*l - 43. Suppose 6*c - 70 = c. Suppose -48 + c = -2*k. Calculate the remainder when l is divided by k.
15
Suppose -35*c + 37*c - 12 = 0. Let j = 25 - c. What is the remainder when j is divided by 7?
5
Suppose -3*w - 25 = -5*l, -2*w = -0*l - l + 5. Calculate the remainder when 39 is divided by l.
4
Calculate the remainder when 63 is divided by (44/33)/(6/99).
19
Let x = 2 - -16. Calculate the remainder when x is divided by (-52)/(-12) + (-4)/(-6).
3
Let a = -33 - -59. Let z be (-189)/(-2) - (13/(-2) - -5). Let x = 172 - z. Calculate the remainder when x is divided by a.
24
Suppose 10 = 3*y + 4. Suppose a + 2*s = 24, 7*a - y*a - 160 = -2*s. Calculate the remainder when a is divided by 9.
7
Suppose d + 5*f - 32 = 55, 0 = -4*d - f + 424. Calculate the remainder when d is divided by 10.
7
Let g = 11 + 103. Suppose -5*t - 29 = -g. Calculate the remainder when 65 is divided by t.
14
Suppose 2*j + 11 = 307. What is the remainder when j is divided by 51?
46
Suppose -o = -3*y - 25, 4*y - 2*y = 8. Let v = -22 + o. Calculate the remainder when 57 is divided by v.
12
Suppose w - 2*w - 684 = -5*l, 3*w + 420 = 3*l. Calculate the remainder when (-8)/(-10)*l/(-32)*-5 is divided by 7.
3
Suppose 2*s + 4*j = 7*s + 372, 2*s - 4*j = -144. Suppose -99 = -4*x - 3. Calculate the remainder when x is divided by s/(-24) - 2/12.
0
Suppose -2*w - 2*p + 20 = -22, 4*p + 114 = 5*w. Suppose 2*d - w = 10. What is the remainder when 60 is divided by d?
12
Let f = -13 - -29. Suppose 41 - 44 = -3*s. Suppose 3*g + s = 2*o - 5, 3*g = 6. Calculate the remainder when f is divided by o.
4
Suppose -4*w = 2*v - 96, -2*v = -18*w + 21*w - 101. What is the remainder when 81 is divided by v?
23
Let n(g) = g**3 - 6*g**2 - g - 3. Let j be n(7). Let a = j + 74. What is the remainder when a is divided by 29?
26
Suppose 4*s - s - 24 = 0. Suppose 24*j = 28*j - 3*n - 23, 4*n + 20 = 0. What is the remainder when s is divided by j?
0
Suppose -5*z + 63 = -32. Let q = -16 + z. What is the remainder when 7 is divided by q?
1
Suppose 3*u - 26 + 1 = 4*z, -4*u - 5*z - 8 = 0. Calculate the remainder when 10 is divided by u.
1
Suppose 5*o - 120 + 40 = 0. What is the remainder when 48 is divided by o?
0
Let y be (-75)/(-18) + (-6)/36. Suppose 0 = y*k - 21 - 11. Calculate the remainder when k is divided by 3.
2
Let o(q) = 12*q**2 - 548*q - 15. Calculate the remainder when o(47) is divided by 74.
71
Suppose 2*u = 2*c + 220, 2*u + c - 193 - 42 = 0. Calculate the remainder when u is divided by 17.
13
Let w(l) = l + 2. Calculate the remainder when -1*(-3 + -5 + 7 + -108) is divided by w(5).
4
Let h = -31 - -10. Let p = -14 - h. Let m(j) = 3*j - 8. What is the remainder when 24 is divided by m(p)?
11
Let j be (8 + -3 + 0)*(-6)/(-15). Suppose -4*i + 55 = -3*l, 4*i - j*l - 65 + 15 = 0. Calculate the remainder when 19 is divided by i.
9
Suppose -572 = 2*g - 6*g. Let n = g - 98. Suppose -p = -6 - 6. What is the remainder when n is divided by p?
9
Let b = 23 - -42. Calculate the remainder when b is divided by 23.
19
Let f = 682 - 488. Calculate the remainder when f is divided by 28.
26
Suppose 7*h - 8*h + 3*f = -216, 1106 = 5*h - 2*f. Let d = h - 109. Calculate the remainder when d is divided by 38.
37
Let y = -303 + 552. Calculate the remainder when y is divided by 14.
11
Suppose -6*z + 2 = -5*z. Suppose 4*t = -2*y - z*y, 0 = -4*t - 20. What is the remainder when y is divided by 4?
1
What is the remainder when (-2)/(2/(-3)*(-102)/(-39746)) is divided by 30?
29
Let x(w) = w + 7. Let b be x(9). Let j = b - 5. What is the remainder when 2/((-82)/86 + 1) is divided by j?
10
Suppose -7*y = -2*y - 215. Suppose 0 = 3*b - y - 50. What is the remainder when 57 is divided by b?
26
Suppose 0 = -5*n + k + 14 + 92, 0 = 3*n + k - 70. Let g = -17 - -20. Suppose -2*v = 2*z - 8, -g*v + v = z. What is the remainder when n is divided by z?
6
Let p(b) = -b**3 - 3*b**2 - 3*b + 4. Calculate the remainder when 189 is divided by p(-4).
29
Let b be -1 + 3/2*-2. What is the remainder when 27 is divided by (2/(-4))/(b/48)?
3
Suppose -4*u + 0*c - 112 = 3*c, -4*u - 2*c - 116 = 0. Let o = u - -44. What is the remainder when 50 is divided by o?
11
Let h be -55 - (-3)/(15/(-10)). Let z = h + 75. What is the remainder when 52 is divided by z?
16
Let u(g) = -2*g + 0*g**2 + g**2 - 1 + 0. Let r be -3 - (0 + -1 + 1). Calculate the remainder when 25 is divided by u(r).
11
Let i(k) = 13*k. Let p be i(-3). Let j = p - -92. Let x = 57 - 29. What is the remainder when j is divided by x?
25
Suppose 4*d - 3*x - 5 - 12 = 0, -d + 2*x + 3 = 0. Calculate the remainder when 184 is divided by d.
4
Let k(l) = 574*l - 120. Calculate the remainder when k(1) is divided by 9.
4
Let t(j) = 6*j**2 + 18*j + 23